 factors of q?
3
Suppose -s + 49 = 6*s. Suppose -17*l + s*l = -1340. What are the prime factors of l?
2, 67
Let u(c) = 40*c + 633. What are the prime factors of u(25)?
23, 71
Let t be (-6)/(-5)*-1*25/10. Let q(g) = 14*g**2 + 5*g + 7. What are the prime factors of q(t)?
2, 59
Let i(x) = x**3 + 6*x**2 + 3*x + 16. Let n be i(-6). What are the prime factors of 1/n + 1 - (-345)/2?
173
List the prime factors of (-4)/12 + 44/(-9)*-303.
1481
Suppose 4*n - 4*d = 56, 0 = -n - d + 4*d + 22. What are the prime factors of (-6)/n*(-1250)/10?
3, 5
Suppose q - 9 = -7. Let j = 4 - q. Suppose j*w = 5 + 53. List the prime factors of w.
29
Suppose 2*l + l - 624 = -4*o, 306 = 2*o + 3*l. Suppose 4*f - 909 = -3*i - 290, f - o = -5*i. List the prime factors of f.
2, 7, 11
Let m be 7/2 + 2/(-4). Let n be ((-24)/(-18))/((-4)/(-6)). Suppose -2*g + 59 = c - 2*c, -m*c = n*g - 55. What are the prime factors of g?
29
Let q(o) = -o**2 - 20*o + 20. Suppose 4 = 2*l, 5*d = l - 25 - 57. List the prime factors of q(d).
2, 3, 7
Suppose 24*q - 23*q = 112. List the prime factors of q.
2, 7
Suppose 6*l - 9 = 3*l. Suppose -225 + 81 = -l*j. Suppose -i + 5*d + 28 = 0, 5*i - d - d = j. What are the prime factors of i?
2
Suppose -4*k + 8*f + 1134 = 11*f, 842 = 3*k - 2*f. List the prime factors of k.
2, 3, 47
Let l(r) = 28*r**2 - 8*r + 168. What are the prime factors of l(10)?
2, 19
Let l be (1 - -16)/((3/(-50))/(-3)). Suppose -11*s + 316 + l = 0. What are the prime factors of s?
2, 53
Let l(m) be the first derivative of m**5/5 - m**4/6 + m**3/6 + m**2 - m - 8. Let f(d) be the first derivative of l(d). List the prime factors of f(2).
2, 7
Let f(h) be the first derivative of 4*h**2 - 3*h + 4. What are the prime factors of f(2)?
13
Suppose 0 = 2*n + 5*x + 58, 64 = -4*n - 0*n + 3*x. Suppose -25 = -5*m + 3*a + 2*a, 5*a = -10. Let r = m - n. What are the prime factors of r?
2, 11
Let u(c) = 13*c**2 - 1. Let v be u(1). Let z(q) = -4*q + 4 - 4 + 0*q + v. What are the prime factors of z(-6)?
2, 3
Let y = -32 + 26. Let a be 16/(-24) - 16/y. Let q = a + 6. What are the prime factors of q?
2
Suppose -5*r = -2*j + 423 - 8174, 2*r - 3083 = -5*j. What are the prime factors of r?
1549
Let m(u) = -u**3 + 30*u**2 + 2*u + 4920. What are the prime factors of m(0)?
2, 3, 5, 41
Suppose -2*q + 7*q - 360 = 0. List the prime factors of q.
2, 3
Let u be 5682/8 - 4/16. Suppose -h = 4*h - u. What are the prime factors of h?
2, 71
Let w(r) = r**3 - 3*r**2 - r - 2. Let u be w(5). Let s be (39/(-1))/((-12)/(-8)). Let b = s + u. What are the prime factors of b?
17
Suppose 205*z - 176*z = 82041. What are the prime factors of z?
3, 23, 41
Suppose -2*p - 3*g = -725, -1270 - 153 = -4*p + 3*g. List the prime factors of p.
2, 179
Let c = -10 + -1. Let m = 36 + c. Suppose -177 + m = -2*b. What are the prime factors of b?
2, 19
Let c(x) = -11*x - 6. Suppose -44*y + 47*y + 33 = 0. What are the prime factors of c(y)?
5, 23
Let f be -3 + 14/6 - 80/(-3). Let p = 103 - f. List the prime factors of p.
7, 11
Suppose -4*h - 4*v + 2552 = 0, 4*v - 653 = 37*h - 38*h. What are the prime factors of h?
3, 211
Suppose -220 = 2*c - 4*c. Let r = c - 63. List the prime factors of r.
47
Let k be ((-84)/(-10))/((-14)/(-35)). Let n be 4/(-6) + 266/k. Suppose -w = -2*t - n, -t = 3*w - 5*t - 28. List the prime factors of w.
2
Suppose w = -v - 14, -2*v - 31 = -0*w + w. Let l = v - -11. Let b = 29 - l. List the prime factors of b.
5, 7
Let z(q) = -q - 1 + 13 - 2*q - 17*q - q**2. What are the prime factors of z(-12)?
2, 3
Let v be (0/((-2 + 10)/4))/1. Suppose -4*f + 5*o + 359 = v, 0 = -o + 7 - 2. What are the prime factors of f?
2, 3
Suppose 29*y + 2061 = 32*y. List the prime factors of y.
3, 229
Let l(b) = 10*b - 35. Let p be l(6). Let t(v) = 2*v - 9. Let s be t(6). Suppose k + i = p, s*k = 2*k + 3*i + 45. List the prime factors of k.
2, 3, 5
Let c(b) = 17*b - 2. Let u(x) = x**2 - 12*x - 18. Let j be u(13). Let t = j + 6. What are the prime factors of c(t)?
3, 5
Let y = -1376 - -5320. What are the prime factors of y?
2, 17, 29
Let u(k) = k**3 + 10*k**2 + k + 13. Let j be u(-10). List the prime factors of -3*(-1 + (-43)/j).
2, 23
Let d = 1139 - 1052. List the prime factors of d.
3, 29
Let q(r) = 20*r**3 + r**2 + 3*r - 4. Let t be q(2). Let x = 297 - t. What are the prime factors of x?
131
Let h(y) = -y**2 - 9*y. Let c be h(-14). Let d = c + 100. Suppose 5*v = 35 + d. List the prime factors of v.
13
Let m(u) = -112*u - 266. What are the prime factors of m(-6)?
2, 7, 29
Suppose -4*f = 5*k - 556, k + 152 = f - k. Let l = -93 + f. List the prime factors of l.
3, 17
Let s = -28 + 36. Let u(d) = -4*d**3 + 10*d**2 - d + 3*d + 2 - s*d + 5*d**3. What are the prime factors of u(-10)?
2, 31
Let j be (-120)/5 - (-2)/(-2). Let n be (12/(-5))/(10/j). Let q(t) = t**3 - 4*t**2 - 5*t - 6. What are the prime factors of q(n)?
2, 3
Let m(s) be the first derivative of 2*s**5/15 - 7*s**4/24 + 13*s**3/3 + 6. Let n(k) be the third derivative of m(k). What are the prime factors of n(4)?
3, 19
Suppose 0 = -2*x + 3*u + 23, 0 = 3*x - 5*u - 9 - 26. Let y be 26/x - 27/45. List the prime factors of (5 - (y + 2))*37.
37
Suppose 53 - 11 = 2*d. Let j = 26 + d. What are the prime factors of j?
47
What are the prime factors of (8 - (9 - 5))*161*2?
2, 7, 23
Suppose 15 - 25 = -2*t. Let p be 1 + t/(-5) - -17. Suppose p = 5*o - 128. List the prime factors of o.
29
Suppose -4*c = -2*y + 18, 4*c + 34 = 3*y + 5*c. Suppose 13*j = y*j - 4. List the prime factors of 24 + (3 - (j - -4)).
5
Let l(a) be the third derivative of 5*a**5/3 + a**4/12 + a**3/6 + 8*a**2. What are the prime factors of l(-1)?
3, 11
Let c be 37/4 - 1/4. Let z = -6 + c. Suppose -5 = -z*y + 70. What are the prime factors of y?
5
Suppose -5*w = 4*c - 25, -17 = 5*w - 2*w - 4*c. What are the prime factors of (w + -2)*-3*184/6?
2, 23
Suppose 0 = -3*u - 5*x + 25 - 0, 10 = -u + 2*x. What are the prime factors of (-2)/((-2)/46 + u)?
2, 23
Let i(x) = -3*x - 7. Let l be i(-4). Suppose 0*t + l*t - 85 = 0. List the prime factors of t.
17
Let j(h) = h**3 + 12*h**2 + 30*h - 63. List the prime factors of j(10).
2437
Let s(c) = c**3 - 22*c**2 - 28*c + 36. Let l be s(23). Let x = l + 276. List the prime factors of x.
197
Let b(w) = -w + 1. Let p(d) = 13*d + 34. Let v(c) = -5*b(c) - p(c). What are the prime factors of v(-26)?
13
Suppose 3*n + 48 = 5*m, 2*m - 17 = -3*n + 2*n. Let b be (-1)/2 + (-33)/(-6). Suppose 3*o + 3*c = -2*o + m, -3*o - 2*c + b = 0. List the prime factors of o.
3
Let u = 3627 - 2078. What are the prime factors of u?
1549
Let c(r) be the third derivative of r**6/120 + 11*r**5/60 - 3*r**4/8 - 23*r**3/6 - r**2. What are the prime factors of c(-11)?
2, 19
Suppose 0 = 5*x - 51 + 11. Let w(t) = 30*t + 15. List the prime factors of w(x).
3, 5, 17
Suppose 21*i - 4986 = 1986. Suppose 22*k = 26*k - i. List the prime factors of k.
83
Let k(a) = -a**3 + a**2 - 1. Let u(s) = 2*s**3 - 13*s**2 - 4*s + 27. Let d(w) = -k(w) - u(w). List the prime factors of d(12).
2, 11
Let r be (-2 + 28/10)/(14/(-70)). What are the prime factors of (-966)/(-11) + r/(-22)?
2, 11
Suppose 12174 = 11*u - 17009. List the prime factors of u.
7, 379
Let x(b) = b**2 - 41*b + 3507. List the prime factors of x(0).
3, 7, 167
Suppose -4*t + 17 = 41. Suppose v + w + 698 = 6*v, 5*w = -2*v + 290. What are the prime factors of (18/(-12))/(t/v)?
5, 7
Suppose -92*r = -91*r - 10. Let l(b) = 3*b + 23. List the prime factors of l(r).
53
Let n be 2 + 1/(-3 + 4). Suppose 2*d - 1 - n = 0. Suppose -d*s = -4*s + 136. List the prime factors of s.
2, 17
Suppose o + 2 = 2*o. Suppose 2*f = 5*y - 470, 0 = -o*y + 2*f + 78 + 110. List the prime factors of y.
2, 47
Let a be 31 - -1*(-5 + 1). Let c = 61 + a. What are the prime factors of c?
2, 11
Suppose 4*u + 3*l = -55, -2*u - 4 - 19 = -3*l. Let x(p) = p + 15. List the prime factors of x(u).
2
Suppose 3*t - 8 = -t. Suppose 262 = 4*w - 5*f, -t*f = 4*w - 6*f - 260. Let p = w - -9. What are the prime factors of p?
2, 3
Let x(l) = -220*l + 141. What are the prime factors of x(-4)?
1021
Suppose -5*v + 0*u = -5*u - 525, -4*v + 415 = u. Suppose -6*c + 14*c - v = 0. What are the prime factors of c?
13
List the prime factors of (2/(-4))/((-14370)/(-7188) + -2).
599
Suppose -2*u - 4*w = -3*w - 1246, 2*u + 4*w - 1240 = 0. Suppose -4*f + q + 3*q = 